 -28. What is the units digit of n?
6
Let m(u) = -u**2 - 4*u + 335. What is the units digit of m(-20)?
5
Suppose -3*p = -8*p + 5, -5*m + 2*p = -2553. What is the hundreds digit of m?
5
Let p = -32 - -32. Let m = p + 5. Suppose 4*i + 2 = -2*g - 0*i, m*g - 51 = 4*i. What is the units digit of g?
7
Let t(f) = 42*f + 1. Let s be 4/22 + (-159)/(-33). What is the tens digit of t(s)?
1
Suppose 2*w = -0*w - 3*g - 75, -2*w = -3*g + 93. Let l = 98 + w. What is the tens digit of l?
5
Suppose 0*d - d + 147 = j, 0 = -4*d + 5*j + 561. Suppose y - 5*n = 5*y - d, 4*n = -2*y + 72. What is the units digit of 3/(-18)*-8*y?
8
Let j(r) = -4*r + 1. Suppose m = 2*y - 13, 5*m - y + 14 + 15 = 0. Let s be j(m). Let t = -10 + s. What is the units digit of t?
1
Let j = 11 + 20. Suppose -2*u + j - 3 = 0. Let z = 30 - u. What is the units digit of z?
6
Suppose -17*t + 1330 = -15*t + 2*h, 4*t + 5*h = 2664. What is the hundreds digit of t?
6
Let v(b) be the first derivative of -1 - 8*b**2 - 1/3*b**3 + 10*b. What is the tens digit of v(-16)?
1
Let n = -1968 + 5799. What is the units digit of n?
1
Suppose 3*x - 3414 = -3*o, -4*x + 1991 + 2573 = o. What is the tens digit of x?
4
Let p = -171 - -2449. What is the thousands digit of p?
2
Suppose -2*y + 2930 + 2352 = 0. What is the tens digit of y?
4
Suppose -u = -47*u + 189244. What is the tens digit of u?
1
Let o(a) = -a**3 + 15*a**2 - 16*a - 8. What is the tens digit of o(7)?
7
What is the tens digit of 3/6*16/20*1090?
3
What is the units digit of (-618)/(-18) - -10*8/(-60)?
3
Suppose 1463 = i - 4*v, -i - v = -1559 + 71. What is the units digit of i?
3
Let x(j) = 231*j**2 - 2. What is the tens digit of x(-2)?
2
Let k(j) = j**2 - 13*j + 14. Let c be k(12). Suppose 0 = 3*p + 4*g - 11, -c*p - 4*g + 10 = -0*g. Let d = 12 - p. What is the tens digit of d?
1
Let g(x) = -x**3 + 13*x**2 - 13*x + 9. Suppose 0 = 2*y + y - 5*z - 48, -5*y + z + 58 = 0. What is the hundreds digit of g(y)?
1
Let x(q) = -109*q - 7. What is the units digit of x(-1)?
2
Suppose -3*u - 338 = 5*h, -2*u = u + 3*h + 336. Let v = u + 212. What is the tens digit of v?
0
Let t(f) = 317*f - 687. What is the tens digit of t(8)?
4
Let x(v) = -v**3 + 5*v**2 + 6*v + 2. Let d be x(6). Let w(n) = -n**d + 2*n**2 + 1 - 3. What is the units digit of w(-2)?
2
Let b be 19 + 50/((-90)/9). Let c = 88 + -53. Let y = c + b. What is the units digit of y?
9
Suppose 2*x = 3*g - g + 20, -3*g - 12 = -x. Suppose 21 = 3*s + x. Suppose b - 4*t - 5 = 0, 2*b = t - s*t + 43. What is the units digit of b?
7
Let o = -200 - -207. Let c = 5 + -9. Let p = o + c. What is the units digit of p?
3
Suppose -5*n = -p - 8*n - 5, -n = p + 5. Let u = 7 + p. Suppose -4*s - 20 = 0, s + 26 = -u*v + 3*v. What is the units digit of v?
1
Suppose 87*z - 524 = 86*z. What is the units digit of z?
4
Let f(u) = -16*u - 247. Let x(r) = -4*r - 62. Let y(l) = -2*f(l) + 9*x(l). What is the tens digit of y(-20)?
1
Suppose -2*d - 4*g = -741 - 751, 3*d - 5*g - 2293 = 0. What is the units digit of d?
6
Let t = 89 + -62. Let f(g) = -t*g - 11 - 3 + 24*g. What is the units digit of f(-6)?
4
Suppose 2*r - 6*r - 20 = 0. Let h(g) = g**2 - 3*g + 2. Let d be h(r). Suppose 5*m = 2*m - 3*i + 63, -4*i + d = 2*m. What is the units digit of m?
1
Let x be (7 - 5)*-1*(-1 + 0). Suppose -4*a = 3*d - 146, x*d - 112 = 3*a - 43. What is the tens digit of d?
4
Let o(v) = v + 1. Let h(z) = 16*z - 26. Let w(f) = h(f) + 8*o(f). What is the tens digit of w(9)?
9
What is the tens digit of 1/((-21)/(-196))*(-750)/(-4)?
5
Let c = -82 + 53. Let b(h) = h**3 + 2*h**2 - 5*h + 8. Let z be b(-4). Let v = z - c. What is the tens digit of v?
2
Let c = -88 + 421. What is the units digit of c?
3
Suppose 9*f = 13*f - 704. Suppose 5*o - 264 = f. What is the units digit of o?
8
Let y = 3819 + -1589. What is the thousands digit of y?
2
Suppose m - 40*m = -34866. What is the tens digit of m?
9
Let l(y) = -y**3 + 31*y**2 + 35*y - 66. What is the hundreds digit of l(29)?
6
Let c(o) = o**3 + 21*o**2 + 20*o + 115. What is the units digit of c(-18)?
7
Let a = -1 + 1. Let s(b) = -b**2 - 3*b + 11. Let g(q) = -2*q**2 - 7*q + 21. Let w(z) = -2*g(z) + 5*s(z). What is the units digit of w(a)?
3
Let o(w) = -w**2 - 3*w + 9. Let z be o(9). Let u = -4 - z. What is the tens digit of u?
9
Suppose 0 = 3*t + 4 - 1. Let q be 1/(2/(-10)*t). Suppose -5*f = 5, 2*y = -2*y - q*f + 139. What is the tens digit of y?
3
Let a = 1328 + -578. What is the tens digit of a?
5
Suppose 0 = -11*l - 2*l + 91. Suppose y + 762 = l*y. What is the tens digit of y?
2
Let y = 294 + -269. What is the tens digit of y?
2
Let i(h) = -21*h - 6. Suppose 8 = -5*r - 2. Let s be i(r). Suppose 0 = 8*u + s - 468. What is the tens digit of u?
5
What is the units digit of 0 + (-1919)/(-2) + (-3)/6?
9
Let w(m) be the second derivative of -5*m**4/24 + 2*m**3/3 + m**2 - 5*m. Let p(n) be the first derivative of w(n). What is the tens digit of p(-3)?
1
Suppose 4*a = -291 + 31. Let q = -8 - a. What is the tens digit of q?
5
Suppose -5*m = -4*q + 2, 0 = 2*q + m - 0*m - 8. Suppose -2*b = -3*p - 4*b + 21, p - 7 = q*b. Suppose -p*r = -3*r - 108. What is the tens digit of r?
2
Let l(k) = k**2 + 3*k - 4. Let g be l(-4). Suppose 2*d = -y + 13, g = 5*y - 17 - 8. Suppose -d*j = -j - 21. What is the units digit of j?
7
Let f(j) = 138*j - 1. Let a be f(1). Suppose b + a = 4*k, 0*b = 3*k + b - 108. Let g = 61 - k. What is the units digit of g?
6
Let d(g) be the first derivative of g**3 + 43*g**2/2 + 13*g - 45. What is the units digit of d(-17)?
9
Suppose 9 = k - q, 0 = 5*k + 2*q - 41 + 3. Suppose 4*v + 5 - 17 = 0. Suppose v = -z + k. What is the units digit of z?
5
Let g = -6 - -7. What is the units digit of (1 - 0)*(45 + g)?
6
Suppose 5*f - 3327 - 7888 = 0. What is the tens digit of f?
4
Let p = 12095 - 7402. What is the hundreds digit of p?
6
Let p = -1883 + 1968. What is the units digit of p?
5
Let w(k) = 321*k**3 - 3*k + 5. What is the thousands digit of w(2)?
2
Suppose b + 1022 = 5*z, z + 214 = 2*z - 5*b. What is the hundreds digit of z?
2
Suppose -2*d = 4*b - 228, 4 = 5*b + 19. Let k = 129 - d. What is the units digit of k?
9
Suppose 4*t - 37 = 1843. Suppose 11*l = 13*l - t. What is the units digit of l?
5
Let m(c) = -9*c**2 - 2*c - 1. Let q be m(-1). Let t(f) = -f**3 - 7*f**2 + 9*f + 11. Let b be t(q). What is the units digit of 63/28*8/b?
6
Let u = -1667 + 5040. What is the units digit of u?
3
Suppose 3*b - 21 = y, -y = -b + 4*b + 9. Let x = -8 - y. Let a(t) = -t**3 + 7*t**2 + t + 10. What is the tens digit of a(x)?
1
Suppose -b - 2*g = -3*g + 3, -3*g = -2*b - 10. Let q be -3 + (11 - (-3 + b)). What is the units digit of 5/q*2*13?
3
Let c(w) = 111*w + 543. What is the units digit of c(32)?
5
Let z be (-34)/(-4)*(10 - -6). Let f = z - 96. What is the tens digit of f?
4
Let b = 252 + 583. What is the tens digit of b?
3
Let r(s) = -480 + s**2 + 9*s - 3*s + 436. What is the tens digit of r(-19)?
0
Let w(t) = -2*t - 29. Let p(q) = q + 15. Let y(r) = 11*p(r) + 6*w(r). What is the units digit of y(-12)?
3
Suppose 0 = -3*s + 3*k - 2*k - 44, 4*s + 56 = 4*k. Let i = 17 + s. Suppose 3 - 1 = i*c. What is the units digit of c?
1
Let w be ((-28)/8 - -1)*-2. Suppose -69 = -w*v + 231. Suppose 0*g + 2*g - v = -2*l, 0 = 2*g + l - 61. What is the units digit of g?
1
Let x = 194 + -97. Suppose 2*z = k - 2*k + x, -3*z + 2*k + 149 = 0. Suppose -2*w + 43 = -5*f, -3*f + 0*f - z = -2*w. What is the units digit of w?
9
Let t be (-2 + 0 - -9) + -4. Suppose -41 = -t*o - 8. What is the tens digit of o?
1
Let r be (-4 + 6)*(-4 + -6). Suppose -o + 5*o - 2*v = 86, 4*v = o - 4. Let k = r + o. What is the units digit of k?
4
What is the hundreds digit of (19/38)/((-1)/(-2554))?
2
Suppose -2*j + 19 = 3*w, -2*w + 21 = 3*j + w. Let t = 7 - j. Suppose -t*u = -5*x + 5, x + u - 4*u = -3. What is the units digit of x?
3
Let y = -24 + 29. Suppose -y*q - 4*i = -q - 60, 105 = 5*q - i. What is the tens digit of q?
2
Let n = 252 + -197. What is the units digit of n?
5
Suppose q = -9 - 9. Let h = q + 21. Suppose 2*p = -3*n + 5*p + 135, 0 = h*n - 5*p - 125. What is the units digit of n?
0
Suppose 4*w + 283 = -k, -3*w = 2*k + w + 582. Let c = k + 445. What is the hundreds digit of c?
1
Let n(d) = d - 9. Let z be n(9). Suppose 4*t - 3*t = z. Suppose 3*h - 40 = -t*v - v, -4*h + 50